*b - 123*b. Is 3/(b/(-8915) + -3) a prime number?
True
Let q(i) = -98442*i + 319. Is q(-2) composite?
False
Let t be ((-418)/(-6) - 6)/((-2)/(-6)). Suppose -15 = v + 5*i, -i = -4*i - 12. Is 3 - v/(-5)*t composite?
True
Suppose 89*k - 31484 = 72*k + 2270775. Is k prime?
True
Let s(z) = -66*z**2 + 3*z + 1. Let t be s(1). Is -53 - t - (1 - 4493) composite?
True
Let f = -85 + 94. Suppose -h - f = -3. Is (-1 - (2 - 29))*(-267)/h a composite number?
True
Suppose j = -3*x + 33, -5*j = x - 0*j - 11. Suppose -2*b + x*b - 90 = 0. Suppose -b*o = -0*o - 1550. Is o a prime number?
False
Let j(l) = -134*l + 27. Suppose -32 = 9*n + 4. Is j(n) prime?
True
Let g be ((-83152)/3)/(-8)*(-3)/(-2). Suppose 0 = 2*f - t + 33 - g, -4*f + 5*t = -10328. Is f composite?
True
Let z = -359 + 362. Suppose -4 + 0 = -2*a. Suppose -a*w + 788 = -z*i, 5*i = -w + 4*w - 1181. Is w composite?
False
Suppose -53*i - 8*i + 13658083 = 0. Is i prime?
True
Suppose 5*b = -g - 5, 2*b = -2*g + b + 35. Suppose 4*a + a - n = g, -2*a + 21 = -3*n. Suppose -2*z = l - 5*l + 5586, -2*z = -a*l + 4187. Is l composite?
False
Suppose -143*l = -70*l - 1573953. Is l composite?
True
Let u be 3/((-9)/(-6)) - 71040/(-10). Suppose 2 = -2*w, u = 4*l + w + w. Is l prime?
True
Suppose -3*g + 3032 = -5*q, -3*g + 3818 = -2*q + 789. Suppose g = i + 54. Is i composite?
True
Let v = 200332 - -248265. Is v a composite number?
False
Let j be ((-2)/6)/(-7 + 44/6). Let g(z) = -1034*z + 9. Let a be g(j). Suppose 0 = -5*f + 3808 - a. Is f a composite number?
True
Suppose 5*h = -0*h - 5*q + 510, 2*q - 408 = -4*h. Suppose 104*a = h*a. Suppose 5*n = -3*f + 3*n + 2661, -3*f - 3*n + 2661 = a. Is f a prime number?
True
Suppose 3*t + 32729 = -15628. Let k = -10148 - t. Is k a composite number?
True
Let v(r) = 310*r + 98. Let m(s) = 621*s + 193. Let w(y) = -3*m(y) + 5*v(y). Is w(-4) prime?
True
Suppose 145 = -3*s + 4*p, -3*p = 5*s + 257 + 33. Let g = s + 59. Is (-2)/(-8) - ((-4557)/28 - g) a composite number?
False
Let j(u) be the first derivative of -u**3/3 - 9*u**2/2 - 21*u + 8. Let i be j(-6). Let b(q) = 20*q**2 - 8*q - 13. Is b(i) a composite number?
False
Let i(k) = 693*k**3 - k**2 - 7*k - 1. Let t be i(-2). Let x = 8552 + t. Is x prime?
False
Suppose j = 6*t - 5*t - 3, -9 = -3*t - j. Suppose 2*o + 9851 = -4*g + 30831, g - t*o = 5245. Is g a composite number?
True
Suppose 2*n = -14, 1527477 = 4*p - 2*n - 1184253. Is p composite?
True
Is (35/(-15))/((-168)/2325384) prime?
True
Let b(f) = 517*f + 397. Is b(8) a prime number?
False
Let i(x) = x**2 + 11*x - 8. Let q be i(-12). Suppose 25 = q*l + l. Suppose -2*j + 2258 = 6*g - g, -l*j + g + 5699 = 0. Is j prime?
False
Let q be ((-3)/(-1))/(15/20). Suppose 0 = -q*f - 4*c - 0*c + 20344, f + 2*c - 5085 = 0. Is f a prime number?
True
Suppose 4*i - 330200 = -4*l, 8*l + 5*i + 82544 = 9*l. Is l prime?
True
Suppose -39*w - 129038 = -46*w. Suppose -w = -6*d + 21136. Is d composite?
True
Let b = 36492 + -509. Is b prime?
True
Let o(s) = -2*s**3 + 4*s**2 + 4*s + 7. Let z be o(-6). Suppose -4*q + z = 2555. Let x = q - -806. Is x prime?
True
Let g(y) be the first derivative of -17*y**4/4 - 2*y**3 + y**2/2 + 7*y + 29. Let a be g(-5). Let r = a + -998. Is r prime?
False
Suppose -187*n - 3767 = 5*i - 188*n, -1502 = 2*i - 2*n. Let v(z) = 7*z**3 - 4*z**2 + 9*z - 9. Let a be v(6). Let q = a + i. Is q a composite number?
False
Suppose -5*f = 25, -2387 = q - 5*q - f. Let y = -3 - 0. Is y*(q/(-3) + 3) prime?
False
Let y = 20636 + -2973. Is y a composite number?
True
Suppose 93132 = 35*q - 3573. Suppose 5*v = -2*g + q, -6*g = v - 5*g - 555. Is v composite?
True
Suppose 8*c = 13*c. Suppose 29*f - 456 - 2038 = c. Is f composite?
True
Let v be (3/(-2) + 1)/((-2)/12). Suppose v*i - 3*w - 4 = -4*w, -5*i + 3*w - 12 = 0. Suppose i = -3*l - 3*l + 282. Is l composite?
False
Let y = -49 + 120. Let l be (-4)/(-12) - (-34)/6. Suppose -13 = -l*s + y. Is s prime?
False
Suppose 2*m - 5*m = -28*m + 643375. Is m prime?
False
Is (-11)/((16/(-24))/((-6898)/(-3))) a prime number?
False
Is 1 + ((-10)/30)/((-2)/140154) - 3 composite?
False
Suppose 970*u - 965*u = 5*q - 311410, 3*q - 186855 = 4*u. Is q a prime number?
True
Let i(a) = 19373*a**2 - 5*a + 5. Is i(1) a prime number?
True
Suppose 4*b = -3*n + 247167, 3*n + 2*b - 247161 = -0*b. Is n composite?
True
Suppose 3 = 3*f - 9, 3*o = -5*f + 26. Let t be 26/13 + -2 + 0. Suppose -2874 = -3*w - 3*g, o*w - 4*g - 1040 - 882 = t. Is w a composite number?
True
Suppose -603164 = -4*v - 2*n, 2*v = -37*n + 30*n + 301558. Is v composite?
True
Let i be 6 - -4*(-3 - -2). Suppose i*v = 10, 0*d - 3*d = -4*v + 5. Is (-3 - 2816)*(-5)/d prime?
True
Let v = -41110 - -110121. Is v a prime number?
True
Let c = 194178 + -124595. Is c composite?
True
Suppose -13*v - 5*v = -3*v. Is 4808 - (v - -21)/3 composite?
False
Suppose 235 = -41*b + 46*b. Suppose 0 = -m - 108 - b. Let k = 152 - m. Is k a prime number?
True
Let i = 40 - 43. Let b be -1 + i/9*3. Is (0 + 3/(-3))/(b/1796) composite?
True
Suppose -4*p - 24 = -7*p. Let b be 1/(p/(-2030)) - (-2)/(-8). Is (-2 + -1)*b*2/12 a prime number?
True
Let k = -8 + 13. Is (-2714)/(242/(-110) - (-1)/k) prime?
False
Suppose -25*u + 21*u = -216. Let t = -29 + u. Suppose t*m = 24*m + 1169. Is m prime?
False
Let g(f) = 5 - 3 - 2 - 1894*f + 1. Let o(y) = -y + 6. Let s be o(7). Is g(s) prime?
False
Suppose -2*n - 3*n = 0. Let w(l) = 2*l**2 + 5308 + 2*l + 5279 - 10088. Is w(n) prime?
True
Suppose 861098 = 69*p - 2008843 - 377958. Is p composite?
True
Let m = -4626 - -7345. Suppose -90*z + 89*z + m = 0. Is z prime?
True
Let v(n) = -3*n**2 - 67*n + 54. Let u be v(-23). Let b(x) = 45*x**2 + 13*x + 15. Is b(u) prime?
True
Let o(j) = 97*j**2 - 2*j - 283. Is o(-20) a composite number?
False
Let d = -21567 - -46450. Is d composite?
True
Let h be 10 + (2 - 1)/(19/(-114)). Suppose 25*q - 30*q - 13183 = -3*z, -h*q = 8. Is z prime?
True
Let g be 21*(1 - (-12)/(-9)). Let p be 1/3 + g/21. Suppose p = 7*r + 1220 - 7359. Is r composite?
False
Suppose -3*j - 26 = 2*r, 7 + 1 = -r - 4*j. Suppose -14 = -4*k + 2*l, -8*l + 40 = 5*k - 6*l. Is ((-44)/k)/(r/312) a prime number?
False
Let z(m) = m**3 + 9*m**2 - 4*m - 24. Let h be z(-9). Let y be 3/h + (77/4)/11. Suppose -y*v = 4*k - 790, 3*k - 7*k + 1584 = 4*v. Is v a composite number?
False
Suppose -3*r + 4*r = -5. Let b(n) = 100*n + 12. Let w(x) = -99*x - 12. Let t(d) = -4*b(d) - 3*w(d). Is t(r) composite?
False
Suppose 0 = -5*c + c - 0*c. Suppose 2 = -h - 4*r, -2*h + h - 2*r + 2 = c. Is -7 + h + -1 + 8889 a composite number?
False
Let f be ((-2)/(-12)*159)/(2/(-4)). Is (4/14 - f/(-14))*-3214 a prime number?
False
Let t(d) = -d**2 - 8*d + 4. Let i be t(-6). Suppose 0 = i*m + 9*m - 544175. Is m prime?
True
Let g(h) = -5843*h - 8260. Is g(-13) prime?
True
Let g(m) = 248*m**2 - 9 + 5*m - 6*m**3 + 5*m**3 - 234*m**2 - 2 + 0*m**3. Let q be 2/(-3) - (-44)/3. Is g(q) a prime number?
True
Suppose 70*x - 515867 = 47*x. Is x a composite number?
True
Is (-97*1)/((-99)/55737) composite?
True
Let h = 18 - 5. Let m = h + -8. Suppose i = -m*x + 69, 70 = 5*i - 4*x - 159. Is i composite?
True
Is 9/12*(-625984)/(-48) composite?
False
Suppose 15144*q - 15151*q = -15629537. Is q prime?
False
Suppose 22*d = 4*d + 126. Is -2*4/16*(-5225 + d) composite?
False
Let u be 981 + (5 - 3)*3/(-6). Let m = u - 331. Is m a composite number?
True
Let u(d) = 10*d**3 - 4*d**2 - 22*d - 13. Is u(11) a composite number?
True
Suppose -42336 = -4*t - 412. Is t a prime number?
False
Let j(u) = -9*u**3 - 4*u**2 - 3*u. Let d be j(-1). Let m(a) = 42*a**2 - 16*a**2 + 60*a**2 - 16*a**2 + d*a - 1. Is m(4) composite?
False
Is 7 + (6523426/8 - (-2)/(-8)) + -4 a composite number?
False
Suppose 0 = 2*s - 2*l + 1760, 2*s - 2*l - 877 = 3*s. Let t = s + 1756. Is t a prime number?
True
Suppose 18654 = -15*c + 16*c. Suppose 5*r + r = c. Is r composite?
False
Let j = 4901 - 3148. Let m = j - -616. Is m a prime number?
False
Suppose 4*k - 12580 - 6567 = -5*i, 0 = -3*k + i + 14346. Is k a composite number?
False
Let r(d) = -216413*d**3 + d**2 + d. Is r(-1) a composite number?
True
Let c(p) = p**3 - 2*p**2 - 2*p + 20104. Let u(q) = -4*q**2 - 27*q + 7. Let x be u(-7). Let i be c(x). Suppose 0 = -19*m + i + 3779. Is m a composite number?
True
Let s(c) be the third derivative of -43*c**4/6 - 7*c*